r = 12 - 10. Suppose -r*d = -b + 11, -8 = 2*d - 5*b + 7. Let c = 10 - d. What are the prime factors of c?
3, 5
What are the prime factors of (-14)/14 - (-6 + 1)?
2
Suppose -92 = 2*v - 30. Let g = v - -54. What are the prime factors of g?
23
Let o = -7 + 18. Suppose o = n - 9. What are the prime factors of n?
2, 5
Suppose 0 = -4*f - 4*q + 24, -f + 5*q - 24 = -0*f. Let a(r) = r**3 + 5*r**2 - 8*r - 8. Let t be a(-6). Let i = t + f. List the prime factors of i.
5
Let d = 13 + -19. Let c(k) = -k**3 - 5*k**2 + 2*k - 2. List the prime factors of c(d).
2, 11
Let g(m) = -m**2 - 7*m - 10. Let j be g(-4). Suppose 0 = -3*d - 4*h + 23, 0 = -3*h + j*h - 4. List the prime factors of d.
13
Let s = 2 + 6. Suppose -2*r = -2*y - 4, -3*r + 4*y - 2 = -8. What are the prime factors of r/8 + 38/s?
5
Suppose 3*b - 53 = -2*f, -4*b = -2*f + 5*f - 80. List the prime factors of (-1)/((-1)/f*2).
2, 7
Suppose 350 = -2*q + 4*q - 4*p, -4*p = 4. What are the prime factors of q?
173
Let r = 18 - -4. Let f = 15 - r. Let o = f + 14. List the prime factors of o.
7
Suppose 8 = 5*l - 3*l. What are the prime factors of (-2)/((5/l)/(-5))?
2
Let o(c) be the first derivative of 2*c**3/3 - 5*c**2/2 - 6*c - 3. Let d be o(5). Suppose 5*f = 31 + d. What are the prime factors of f?
2, 5
Let m = 10 + 53. List the prime factors of m.
3, 7
Let f be 1*(0/3 - -1). Let q = f + -1. Suppose 4*j = -4*c + 13 + 43, q = j + 4*c - 26. What are the prime factors of j?
2, 5
Let x(h) = -h**3 + 7*h**2 - 3*h - 2. Let q be x(5). Suppose z = 4*z - q. List the prime factors of z.
11
What are the prime factors of (1/(-3))/((-13)/10881)?
3, 31
Let u = -22 + 16. Let z be (4/u)/((-2)/27). Let w = z + -1. What are the prime factors of w?
2
Suppose 3*u = n + 6, 3*u - 8 - 10 = -3*n. Suppose -2*i = 2*h + u*h + 17, -2*h - i = 7. Let z(f) = f**2 + f. List the prime factors of z(h).
2, 3
Let q be 2*(-2)/4 - 11. List the prime factors of (q/8)/(1/(-16)).
2, 3
Let p = 23 + -9. Suppose 4*t + 15 = -5*d, 4*d = 3*t + 33 - p. Suppose -s + 4 = d. List the prime factors of s.
3
Let z(x) be the second derivative of -2*x**2 + 0 - 5/12*x**4 + x**3 + 1/20*x**5 + 2*x. List the prime factors of z(4).
2
Let t(y) = -y**3 + y + 1. Let z(g) = -g**3 + g**2 + 8*g + 5. Let v(b) = 3*t(b) - z(b). What are the prime factors of v(-3)?
2, 29
Let v(l) = l**2 - 3*l + 8. Let h be v(7). Let f = h + -16. What are the prime factors of f?
2, 5
Suppose 6*n - 2*n = 76. List the prime factors of n.
19
Let w be (-18)/(-24) + 250/8. Let k = w + -18. What are the prime factors of k?
2, 7
Let s be 2/8 + 1/(-4). Suppose s = -q - 9 + 3. What are the prime factors of (-52)/(-5) + q/15?
2, 5
Let r = 12 - -3. List the prime factors of r.
3, 5
Let l be ((-4)/2 + 1)*0. Suppose d - 4*d - 9 = l, 0 = w - d. Let r = 0 - w. List the prime factors of r.
3
Let q be 0/1 - (0 - 12). List the prime factors of q/(-14)*(-14)/3.
2
Let u(q) = 2*q**2 + 7*q - 9. Let i be u(-9). Suppose 3*r + 9 = 0, i = 4*h + h + 5*r. Let v = h + -7. What are the prime factors of v?
2, 7
Let n(a) = -a**2 + 8*a. Let s be (-2)/(-7) + 99/21. Let u be n(s). Let x = -8 + u. What are the prime factors of x?
7
Let a = -6 + 10. Suppose 3*m - 26 = -a*i, -5*i + 15 = -3*m - 2*m. List the prime factors of i.
5
Let x(y) = y - 5. Let v be x(5). Suppose v*m + 5*c - 12 = -4*m, 0 = -3*m - 4*c + 9. Suppose -8 = -m*r + r. List the prime factors of r.
2
Let s = 4 + -1. Suppose -5*n + 4*p + 309 = 0, 0 = 3*n - s*p + 8*p - 178. List the prime factors of n.
61
Suppose 2*m + 4*t - 66 = 0, -48 = -2*m + 3*t - t. What are the prime factors of m?
3
Let d = 1 - -2. What are the prime factors of d?
3
Let u = 10 - 8. Let c be (2/u)/((-2)/(-4)). Suppose -s + 30 = c*s. List the prime factors of s.
2, 5
List the prime factors of (-1)/(-3 + (-332)/(-334) + 2).
167
Let s(h) = 72*h**3 - 2*h**2 + 1. List the prime factors of s(1).
71
Suppose 51 + 13 = r. List the prime factors of r.
2
Let r(b) be the third derivative of -b**6/40 + b**5/20 + b**4/8 + 2*b**2. Let t be r(4). List the prime factors of t/(-9) + 4/(-6).
2, 7
What are the prime factors of (-6 - -5)/((-2)/18)?
3
Let g(x) = -12 - 10*x + 2*x**2 + 4*x**2 + 2 - 5*x**2. List the prime factors of g(13).
29
Let v = -207 + 342. What are the prime factors of v?
3, 5
Suppose -6*t + 3*t = -63. What are the prime factors of t?
3, 7
Suppose -3*v + 0*v = b - 7, 0 = 4*v - 4. Suppose b*z - 12 = 4. Suppose j - z*j + 10 = 2*n, -2*n + j = -2. List the prime factors of n.
2
Let g = 32 + 26. List the prime factors of g.
2, 29
Suppose -5*k = 2*j - 7, 4*j - k = j + 19. Suppose -j = -3*p + 48. What are the prime factors of p?
2, 3
Suppose 12*d - 3*d - 648 = 0. List the prime factors of d.
2, 3
Let y(h) = -2*h**3 - 4*h**2 + 2*h - 1. List the prime factors of y(-4).
5, 11
Suppose c - 14 = -d, 2*c + 11 = 2*d - 25. List the prime factors of (135/12)/(6/d).
2, 3, 5
What are the prime factors of 1/(-2) - 65/(-2)?
2
Let u(y) = 2*y - 8. Let m be u(-6). List the prime factors of m/(-3) + 6/(-9).
2, 3
Let x = 40 + 12. What are the prime factors of x?
2, 13
Suppose d - 7 = c, 2*d - 4*d = -4*c - 18. Let z = -1 - c. Let y(v) = 9*v**3 - v + 1. List the prime factors of y(z).
3
List the prime factors of 93/15*(2 + 3).
31
Suppose 0 = -2*x - 4*n + 368, -3*n = 3*x - 144 - 414. What are the prime factors of x?
2, 47
Let r(h) = h**2 - 7*h + 13. What are the prime factors of r(6)?
7
Let t be (1 + -2)/((-2)/6). Suppose -a + 31 = -t. List the prime factors of a.
2, 17
Suppose 2*m - 15 = -5*x, 2*x - 5 = 7*x - 2*m. Let h = 1 - 2. List the prime factors of (-3 - h)*(-1)/x.
2
List the prime factors of (-4)/(4 + -6 - 0).
2
Let z be (-12)/(-9) + 4/6. Suppose m + 2*y - 104 = -2*m, z*y = -10. List the prime factors of m.
2, 19
Let i be (-2 - 0)/(3/(-33)). Let k = 70 - i. List the prime factors of k.
2, 3
Let j = -17 - -87. List the prime factors of j.
2, 5, 7
Suppose 0*z + 2*m = 2*z - 16, 4*m = -3*z + 10. What are the prime factors of z?
2, 3
Suppose 12 = 4*v, -6*l + 5*v = -l + 95. Let g be 4/l + (-30)/8. List the prime factors of ((-22)/(-4))/((-2)/g).
11
Suppose 28 = 5*w - u - 12, -3*u + 60 = 5*w. Let x = 3 - w. List the prime factors of (0 - -2)*(-21)/x.
7
Let d(x) = -x + 6. Let w = -10 + 10. What are the prime factors of d(w)?
2, 3
Let j(q) = 6*q**2 + 2*q + 5. What are the prime factors of j(-5)?
5, 29
Let p = -1 - 7. Let u = 16 + p. What are the prime factors of u?
2
Suppose -5*h = -6 - 4. What are the prime factors of ((-4)/6)/(h/(-39))?
13
What are the prime factors of 2/(4 - (-63)/(-16))?
2
Let s(v) = 9*v**3 + 11*v**2 + 8*v + 13. Let p(o) = -5*o**3 - 6*o**2 - 4*o - 7. Let y(j) = 11*p(j) + 6*s(j). List the prime factors of y(-3).
2
Suppose -4*y - 180 = -0*y. List the prime factors of (-24)/(-30)*y/(-6).
2, 3
Suppose -4*f + 7 = -2*f - 3*t, -5*t - 15 = -5*f. Suppose 0 = -s + 3*s + f. What are the prime factors of 4 + 3 + (s - -2)?
2
Let r(g) = g - 4 - 4*g + 3. Let k be r(-3). Let f = -1 + k. List the prime factors of f.
7
Suppose s - 223 = -3*y, 4*s + 9*y = 14*y + 858. List the prime factors of s.
7, 31
What are the prime factors of (-24)/(-10)*80/6?
2
Suppose -2 - 1 = -f. What are the prime factors of 8/10*(f - -2)?
2
Suppose 0 = 5*l - 15 - 15. Let v = l + 7. List the prime factors of v.
13
Suppose -2*c - 5*t - 6 = 14, 0 = -3*c + 2*t + 8. Suppose c*k = 3*k - 39. What are the prime factors of k?
13
What are the prime factors of 2/(-1)*-61*1/2?
61
List the prime factors of 3/2*(13 + -1).
2, 3
Suppose 0 = -d - 3*d. Let o(y) = -y - 12. Let h be o(d). Let n = 21 + h. What are the prime factors of n?
3
Let x(d) = d**3 - d**2 - d + 5. Let b be x(0). Suppose f + 0*f + b*p = 12, -38 = -5*f - 3*p. List the prime factors of f.
7
Suppose 5 + 10 = 3*r. Suppose z + 1 = l + 2, -l = r*z - 29. What are the prime factors of z?
5
Let b(a) = -2*a**3 + a - 1. Let f be b(1). List the prime factors of ((-1)/f)/((-8)/(-304)).
19
Suppose -29*f + 168 = -26*f. List the prime factors of f.
2, 7
Let q(n) = -2*n**3 + 24*n**2 - 13*n + 20. Let t(u) = -u**3 + 12*u**2 - 7*u + 10. Let j(z) = -4*q(z) + 9*t(z). What are the prime factors of j(11)?
2, 5
Suppose 0 = -u + 8. List the prime factors of u.
2
Suppose 62*f - 20 = 61*f. List the prime factors of f.
2, 5
Suppose h = 7*h - 1170. List the prime factors of h.
3, 5, 13
Let k(z) = -z**2 - 4*z + 2. Let c be 4/